 Suppose o*v = -v + 68. Calculate the greatest common factor of v and 17.
17
Let h = 94 - 24. Let r be (-2)/1 + -3 + h. Suppose 4*s + 13 = 65. What is the highest common factor of s and r?
13
Suppose 0 = -2*f + 10*t - 5*t - 14, 3*t - 24 = -4*f. Calculate the highest common divisor of 61 and f.
1
Let a be (-99)/(-6) - 15/30. Suppose 76 = 4*u + q + 2*q, 12 = u - q. What is the greatest common divisor of a and u?
16
Let y be 40/(2/(-9) + 440/198). Suppose -3*k - 467 = -2567. Suppose -7*g + 2*g = -k. What is the highest common factor of y and g?
20
Suppose 3*t = 0, 0*t = x - 3*t. Let r be (10 - x) + (0 - -2). What is the greatest common factor of 48 and r?
12
Suppose 35 = -3*g - 2*g. Let x be g/((-35)/244) - (-4)/(-5). Calculate the greatest common factor of 80 and x.
16
Let s(k) = -2*k + 9. Let i be s(4). Let c be 3 + (i - 0) + 1. Calculate the greatest common factor of c and 40.
5
Let x = -9 - -10. Calculate the greatest common factor of x and 1.
1
Suppose 1 = f - o, 3*o - 44 = -4*f - o. Suppose f*m - 268 = 404. What is the greatest common factor of m and 16?
16
Suppose -s + 25 = 3*l, -2*s - 3*l = -3*s + 1. Let p = 4 + s. Calculate the highest common factor of p and 34.
17
Suppose 4*j - 184 = -4*i, -19*j = -16*j + 4*i - 133. Calculate the highest common divisor of j and 34.
17
Let u(d) = d**2 - 20*d + 8. Let s be u(24). Calculate the greatest common factor of s and 143.
13
Suppose -91*q + 97*q = 816. What is the greatest common divisor of 34 and q?
34
Suppose -2*f + 25 = 5*t, 5*f + 10 = 2*t - 0*t. Suppose -3*b + 4*l + 911 = f, -4*l - 219 = -b + 98. What is the highest common divisor of b and 27?
27
Suppose 5 = 4*x - 7. Suppose x*c = 7*c + 28. Let s = c + 12. What is the highest common divisor of s and 35?
5
Let q(c) = 4*c**2 - 1. Let h be q(-1). Suppose 9 - 24 = -h*g. Suppose -5*f - 5*l = -8*f + 330, g*l - 300 = -3*f. What is the greatest common factor of 21 and f?
21
Suppose a - 72 = -3*a. Suppose -j - 2*j - 1101 = 5*b, 2*j + 216 = -b. Let n = -150 - b. Calculate the highest common factor of n and a.
18
Let g = -302 - -313. Calculate the greatest common factor of g and 121.
11
Let g(p) = -p**2 + 13*p + 6. Let h be g(6). Suppose -h = -7*o + 3*o. Suppose -13*q + 468 = -0. Calculate the highest common divisor of o and q.
12
Let p = 113 + 349. Let c be (-60)/(-18)*p/5. Calculate the highest common factor of 28 and c.
28
Let u = 372 + -357. Calculate the greatest common divisor of 25 and u.
5
Let g(z) = -622*z**3 - 5*z**2 + 4. Let d be g(-1). Calculate the greatest common factor of 54 and d.
27
Let p(y) = y + 44. Let t be p(0). Let l be 2 + (1 - 0) - (-255)/3. Calculate the greatest common factor of t and l.
44
Let s = -20 + 36. Suppose 3*t + 5*x = -7 - 7, -s = 2*t + 5*x. What is the greatest common factor of t and 16?
2
Let i = 212 - 199. Let x(n) = 4*n**2 + n - 1. Let r be x(5). Calculate the greatest common factor of r and i.
13
Let y(p) be the first derivative of p**2/2 - 5*p + 1. Let q be y(9). Suppose -q*l + l + 3 = 0. What is the greatest common divisor of 7 and l?
1
Suppose 3 = 2*w - z, -3*w + 4*w - 5*z = -3. Let s(b) = 0*b**2 + b + 9*b**w + 0*b + b. Let v be s(-2). What is the highest common factor of 4 and v?
4
Let y be (-6)/10 - 531/15. Let b be 24/y + 2/(-6). Let r be (-190)/(-6) + b/(-3). What is the greatest common factor of 48 and r?
16
Suppose -3*q + 234 = 2*n, 137*n - 134*n = -q + 78. What is the greatest common divisor of q and 2418?
78
Let o be ((-2)/(-5))/(94336/(-4290) - -22). Suppose 5*l - 468 = 2*l. What is the greatest common divisor of l and o?
39
Let v be 4/(6/((-12)/(-4))). Let j be -9*((-20)/6 + v). Let h be (j - -3)*20/25. What is the greatest common factor of 30 and h?
6
Suppose 0 = 4*o + 537 - 1689. Suppose -112 - 144 = -8*i. What is the greatest common factor of i and o?
32
Suppose -2280 = -11*z - 13*z. What is the highest common factor of z and 38?
19
Let c(o) = o**3 + o**2 - 3*o - 5. Let u be c(4). Let h be (-1)/(172/(-28) - -6). Calculate the highest common factor of h and u.
7
Suppose c = z + 577, 2855 = 2*c + 3*c + z. What is the highest common factor of c and 52?
52
Let v = 1013 + -1007. Calculate the greatest common divisor of 156 and v.
6
Let g = 55 + -33. Let p(k) = 8*k**2 - 212*k - 303. Let z be p(28). Calculate the highest common factor of z and g.
11
Suppose 2877*b + 90 = 2883*b. Let f be 4/(4/2) - -118. What is the highest common divisor of b and f?
15
Let y be 3/(-15) - (-4)/20. Suppose 3 + 234 = 3*r + 3*c, y = -5*r + 3*c + 403. Calculate the greatest common divisor of r and 10.
10
Let q be (-23)/((-92)/16) - (2 + 0). Calculate the greatest common divisor of q and 58.
2
Suppose 0 = -b - 5*u - 17, 2*b - 9*u = -6*u + 18. Calculate the highest common divisor of b and 108.
3
Let y be 7/((-94)/(-46) + -2). Let t be (2/8*22)/((-1)/6). Let r = t - -56. Calculate the greatest common factor of y and r.
23
Let b(a) = -4*a**2 + 63*a + 30. Let m be b(16). Calculate the highest common divisor of m and 763.
7
Let p(y) = -y**3 - 6*y**2 + 5*y - 2. Let m be p(-6). Let u = m + 20. Let j be (-302)/(-12) - (-2)/u. What is the greatest common divisor of j and 5?
5
Suppose 3*w + 2*w - 5*y = 120, w = -4*y + 39. Calculate the highest common factor of w and 729.
27
Suppose 0 = -228*w + 221*w + 539. Calculate the greatest common factor of 44 and w.
11
Let y = -15 + 51. Suppose -y = -6*a + 12. What is the highest common divisor of 8 and a?
8
Suppose 0 = x + 2 - 0. Let r = 4 - -2. Let q be r + -3 + -2 - x. What is the greatest common factor of q and 9?
3
Suppose -4*b + r = -9*b + 9, -5*r + 20 = 0. Let q be 22 - (1 + b/1). Let z(u) = -3*u + 12. Let f be z(-16). Calculate the highest common divisor of q and f.
20
Let t = -43 - -124. Suppose -4*k + t = -k. Let d = 39 - k. Calculate the greatest common divisor of 12 and d.
12
Suppose -44 = 4*c - 124. Let h be (-3)/((-18)/c)*(8 - -31). Calculate the greatest common divisor of 13 and h.
13
Let d = 85 + -82. Suppose 0 = 5*x + 3*c - 5*c + 7, 5*x - 4*c - 1 = 0. Let z be 3*2*x/(-2). Calculate the highest common divisor of d and z.
3
Let c be (-9)/(-18)*(38 + 0). Suppose -c = -7*t - 5. Calculate the highest common factor of 16 and t.
2
Suppose -4*c = -11 - 1. Suppose -4*p = 3*b - 405, c*p - b - 294 = -0*b. Calculate the highest common divisor of p and 11.
11
Let w = 3 + 158. What is the greatest common factor of w and 92?
23
Let o be -38*(12 + -16 + (-7)/(-2)). What is the greatest common factor of 437 and o?
19
Let x(k) = k**2 + 3*k + 7. Let m be x(0). Suppose 6*a - a - 55 = 0. Let y = a - 10. Calculate the highest common factor of m and y.
1
Let f(u) = -48*u - 6. Let x be f(-5). Let z be (8/2 - 6)/((-3)/39). Calculate the highest common factor of z and x.
26
Suppose 0 = 10*a - 3*a - 441. Calculate the highest common factor of a and 84.
21
Let k(p) be the first derivative of -p**4/4 + p**3 + p**2/2 + p + 2. Let d be k(3). Let z = -3 + 4. Calculate the greatest common divisor of d and z.
1
Let n = 21 - 31. Let h(q) = -17*q - 28. Let c(w) = -4*w - 7. Let g(s) = 9*c(s) - 2*h(s). Let z be g(n). What is the highest common factor of 117 and z?
13
Suppose 2*w - 56 = -5*z, -23 - 14 = -4*z + w. Let u = -20 - -22. Calculate the highest common divisor of z and u.
2
Suppose -g - o = 35, 0*o + 75 = -3*g + 3*o. Let i = 81 + g. Calculate the highest common factor of i and 34.
17
Let k(i) be the second derivative of i**3/3 - i**2/2 + 12*i. Let t be k(3). Suppose 31 - 191 = -4*z. Calculate the highest common factor of t and z.
5
Suppose -s + 3*h = -2*s + 35, 5*s - 5*h = 235. What is the greatest common divisor of 748 and s?
44
Let a(m) = m**3 - 6*m**2 + 16. Let l be ((-4)/(-6))/(4/42). Let z be a(l). Calculate the highest common divisor of z and 26.
13
Suppose 22 = o - 23. Let t = -17 + 32. Calculate the highest common divisor of t and o.
15
Let a be (-2)/7 + 947/7. Let y be 22/6 + -1 - (-6)/18. Suppose s + s - y*d = 60, 37 = s - 5*d. Calculate the highest common divisor of a and s.
27
Let j be (-1 + 15)*(4 + -3). Let o be (6/4)/(30/8)*-5. Let z = o + j. Calculate the greatest common divisor of 108 and z.
12
Suppose -l + 677 = l + 5*b, -1361 = -4*l - 3*b. Calculate the greatest common divisor of 31 and l.
31
Let v = 70 - 72. Let k(n) = 0*n**2 - 4*n**3 + 2*n + 0*n**3 - 2*n**2 + n**2. Let m be k(v). Calcu